Convert -13422525 (base 7) to base 6.
-42440330
What is -286001 (base 9) in base 8?
-525561
Convert 6198b (base 12) to base 11.
87912
What is -3444010114 (base 5) in base 9?
-15604176
What is -130303100 (base 4) in base 10?
-117968
1320302014 (base 5) to base 6
154311324
Convert -c3b065 (base 13) to base 7.
-53543230
Convert -4483 (base 14) to base 9.
-17254
What is -167257 (base 9) in base 2?
-11001010100110100
144114143 (base 5) to base 6
24300243
Convert -1011000012021 (base 3) to base 12.
-255237
What is 870d13 (base 15) in base 2?
11000100010011000111110
-214333321 (base 5) to base 6
-32002054
What is -2965 (base 13) in base 12?
-357a
1476314 (base 8) to base 9
717184
Convert 8cc28 (base 14) to base 12.
146358
-9478775 (base 11) to base 2
-111111101101101101101101
What is -4027664 (base 8) in base 14?
-1d8828
-31717542 (base 8) to base 2
-11001111001111101100010
What is -35242150 (base 6) in base 12?
-449356
168022 (base 11) to base 7
2130522
Convert -4043c5 (base 15) to base 3.
-12202001100212
Convert -203212233 (base 5) to base 14.
-17a5b8
Convert 4333211 (base 6) to base 7.
1552363
-3a4b81 (base 12) to base 2
-11101010111110010001
Convert -9142e (base 15) to base 5.
-104204234
What is 10313302133 (base 4) in base 3?
2101212211112
18312 (base 14) to base 5
3422342
Convert -1010100100110111110 (base 2) to base 8.
-1244676
122212012210 (base 3) to base 15
6e259
27388 (base 9) to base 16
4874
Convert -392531 (base 13) to base 7.
-14461160
What is 75a2b (base 12) in base 3?
21212222122
318185 (base 13) to base 11
722823
-2431455 (base 9) to base 3
-2111001111212
What is -141303204 (base 6) in base 3?
-12101210222211
Convert 1454227 (base 9) to base 15.
10d14a
What is -425e2 (base 15) in base 10?
-210587
What is -21222221100222 (base 3) in base 8?
-20155343
6645306 (base 7) to base 2
11000111110000100000
Convert -75956 (base 14) to base 11.
-184801
Convert -1851955 (base 11) to base 12.
-1072746
Convert -154525 (base 7) to base 2.
-111011011110000
22522524 (base 6) to base 12
296444
What is -2213223 (base 5) in base 11?
-26a78
Convert 311222021 (base 5) to base 6.
43143150
Convert -314361 (base 9) to base 8.
-555052
Convert 207502 (base 10) to base 11.
131999
What is 21aeb (base 15) in base 10?
107096
What is -467c6c (base 13) in base 15?
-231025
What is 31024212 (base 5) in base 15?
4e922
Convert b51670 (base 13) to base 10.
4230330
Convert 19b3ab (base 13) to base 7.
5360151
7723007 (base 8) to base 7
23425665
What is -418877 (base 10) in base 4?
-1212100331
What is 131302 (base 14) in base 2?
10100000010000010110
3707461 (base 9) to base 4
13223133130
What is -1202110112122 (base 3) in base 12?
-390798
Convert -502491 (base 12) to base 5.
-304421201
Convert 141312 (base 7) to base 5.
1330120
-22988 (base 14) to base 15
-19e39
What is 1602123 (base 9) in base 6?
31003503
What is -63144545 (base 7) in base 6?
-310024042
Convert 2345005 (base 6) to base 15.
2663e
What is 84403 (base 12) in base 6?
3414403
Convert -3353727 (base 9) to base 14.
-350794
What is 748787 (base 11) in base 9?
2224607
What is -42045321 (base 7) in base 16?
-3607d7
What is -2624bd (base 14) in base 10?
-1312583
Convert -1242c6 (base 13) to base 5.
-103001303
What is -306681 (base 10) in base 7?
-2415054
-1111020110101 (base 3) to base 5
-200321103
-442434220 (base 5) to base 4
-13111002201
Convert 868cd8 (base 14) to base 3.
22120112211100
33267 (base 8) to base 2
11011010110111
Convert 113210132113 (base 4) to base 15.
820ae1
What is 11002000011120 (base 3) in base 12?
885059
28781 (base 16) to base 14
445a1
Convert -29de5 (base 15) to base 10.
-134765
29b26 (base 12) to base 15
12593
What is 52869 (base 10) in base 12?
26719
-20120202121 (base 3) to base 13
-46ca5
What is -103d32 (base 16) in base 14?
-1d9bb4
What is 64116a (base 14) in base 4?
30322011122
-120113232220 (base 4) to base 8
-30275650
1976346 (base 11) to base 2
1100101101011101000010
-7012517 (base 9) to base 16
-38e48f
-2c925 (base 13) to base 9
-138576
-6b6db4 (base 14) to base 3
-20220101111102
What is 5256266 (base 10) in base 6?
304354322
Convert -939287 (base 12) to base 13.
-631bac
2030202012 (base 4) to base 14
10dabc
What is -21378 (base 16) in base 7?
-1104444
Convert 48543 (base 11) to base 10.
69864
Convert -5351402 (base 6) to base 12.
-108562
Convert -766621 (base 8) to base 11.
-166453
What is -11220204203 (base 5) in base 4?
-300103210031
Convert 442636 (base 11) to base 8.
2543223
1368920 (base 11) to base 4
20332302033
What is 4120002313 (base 5) in base 14?
1178780
Convert a4ff0 (base 16) to base 6.
22252452
What is 14323634 (base 8) in base 4?
30122132130
Convert -91332 (base 10) to base 6.
-1542500
What is 26f1 (base 16) in base 3?
111200020
Convert -3519365 (base 10) to base 8.
-15331605
1001110010001011000100 (base 2) to base 8
11621304
What is -20873 (base 14) in base 4?
-103022211
Convert 3d56c (base 16) to base 12.
101490
What is 2123463 (base 8) in base 9?
1053811
Convert 14061332 (base 7) to base 9.
2414618
What is -108c4 (base 15) in base 6?
-1043321
What is -117b5a (base 12) in base 14?
-75370
What is -89596 (base 10) in base 13?
-31a20
-2020301232 (base 4) to base 9
-1043446
1627665 (base 9) to base 16
dcd39
Convert 3040314432 (base 5) to base 7.
103356521
What is -83a3b (base 12) in base 8?
-521017
Convert 15ab4c (base 13) to base 6.
15310411
6731413 (base 8) to base 14
3537ab
What is -262078 (base 9) in base 7?
-1231352
Convert 126614150 (base 7) to base 2.
11111010111011100010000
What is -2457a4 (base 12) in base 5?
-122343010
Convert -89420 (base 10) to base 11.
-61201
Convert -15310055 (base 6) to base 4.
-2003110103
-2056226 (base 9) to base 4
-10030213113
100010000010011100011 (base 2) to base 15
170728
-144b041 (base 12) to base 7
-46464463
Convert -7bb25 (base 13) to base 4.
-313023000
-b880e (base 16) to base 12
-305412
What is 29c9b (base 15) in base 16?
20d47
What is 2045435 (base 6) in base 5?
11142433
-5346 (base 14) to base 9
-21636
Convert 252a74 (base 13) to base 5.
212012240
Convert -587779 (base 11) to base 3.
-1202101022222
42202232 (base 5) to base 14
91949
Convert 1121122044 (base 5) to base 16.
2674d2
What is 221312202 (base 4) in base 8?
516642
-30300220331 (base 4) to base 8
-14605075
-7162544 (base 10) to base 2
-11011010100101010110000
-1321221 (base 7) to base 15
-36553
What is 4666230 (base 7) in base 12?
244359
What is 1c8f4f (base 16) in base 6?
104041131
190221 (base 11) to base 15
5bc90
289cb (base 13) to base 3
10212210010
-1443894 (base 10) to base 8
-5404066
301333122 (base 4) to base 13
7227c
Convert -110661 (base 8) to base 14.
-d841
Convert -14205516 (base 7) to base 12.
-541626
6104551 (base 7) to base 5
141134404
Convert -279587 (base 12) to base 2.
-10100000111011110111
-257090 (base 15) to base 13
-4ab40a
-460a5c (base 16) to base 3
-22122012112101
-4febd (base 16) to base 6
-11003313
43a8620 (base 11) to base 6
433342031
Convert -33033312313 (base 4) to base 2.
-1111001111110110110111
What is 289ce (base 15) in base 5?
13133334
-121000021101 (base 3) to base 5
-40041002
Convert 9b0a2 (base 12) to base 4.
302032322
-111111111110001111000 (base 2) to base 4
-13333301320
-306475 (base 8) to base 16
-18d3d
-1350612 (base 7) to base 4
-230002122
-4964 (base 13) to base 2
-10100010010111
-74416 (base 11) to base 2
-11010011100011000
What is 3030032103 (base 4) in base 2?
11001100001110010011
-29963 (base 14) to base 3
-12020210212
Convert 207744 (base 9) to base 5.
12430213
-18c63 (base 14) to base 9
-105135
44122201 (base 7) to base 9
7112007
Convert -440377 (base 10) to base 8.
-1534071
What is -1234050 (base 6) in base 15?
-14cb0
Convert 3da7 (base 15) to base 6.
141051
What is -5b7f8d (base 16) in base 7?
-101653205
What is -21132132 (base 4) in base 16?
-979e
-546475 (base 8) to base 2
-101100110100111101
What is 150051400 (base 6) in base 2?
1011110001011100111000
102003320320 (base 4) to base 10
4734520
-110211112100 (base 3) to base 8
-755315
What is 445674 (base 9) in base 4?
1001012032
Convert 7bae (base 15) to base 4.
12122120
Convert 9ebfdd (base 16) to base 2.
100111101011111111011101
104110322 (base 5) to base 12
1a0542
What is -20bbf (base 16) in base 14?
-36c11
What is 2220110120021 (base 3) in base 8?
5710362
W